. What is the remainder when 31 is divided by 11/55 + 158/t?
15
Let c = -243 - -278. What is the remainder when 592 is divided by c?
32
Suppose -12 = 2*i - 4*i. Calculate the remainder when 48 is divided by 465/27 + i/(-27).
14
Let c = 17 - 13. Let g be c/(-1*4) - -81. Suppose -3*n = -4 - g. Calculate the remainder when 110 is divided by n.
26
Suppose -70 = -5*u - 50*h + 55*h, -5*u - 4*h = -115. Calculate the remainder when 302 is divided by u.
17
Let o be (-20)/(-9) - 6/27. Let u(v) = 5*v. Calculate the remainder when 47 is divided by u(o).
7
Suppose 321 = 10*m - 459. Calculate the remainder when m is divided by 41.
37
Suppose -3*k - 4*i + i + 12 = 0, k - 5*i - 4 = 0. What is the remainder when (-192)/(-14) + 2/7 is divided by k?
2
Let r be (-3 - (-6)/(1 + 1))/(-2). Suppose r = 2*d - 3*d + 1, -64 = -3*o + 5*d. Calculate the remainder when 42 is divided by o.
19
Suppose s - 2*w + 157 - 48 = 0, -w = -3*s - 337. Let p = -95 - s. Calculate the remainder when 88 is divided by p.
16
Suppose 9*c + 20 = 13*c. Let l(x) = -x + c*x + 4*x - 6*x - 7 + x**2. What is the remainder when l(-5) is divided by 3?
2
Suppose -8*b + 3*b = -185. Let r be (-1*(3 + -3))/1. Suppose t - c - b = 0, 2*t + 5*c - 102 = -r*t. Calculate the remainder when t is divided by 21.
20
Let n = -57 + 96. Suppose -12*a + 1323 = 399. Calculate the remainder when a is divided by n.
38
Let i(o) = -4 + o + 3*o + 1 - 3*o - 2*o**2. Let b be i(2). Let w(d) = -4*d - 13. What is the remainder when 68 is divided by w(b)?
22
Suppose 0 = -z - 2*z - a + 258, -5*z + 2*a + 419 = 0. Suppose -11*p + z = -6*p. What is the remainder when p is divided by 7?
3
Calculate the remainder when 34 is divided by 5/((-248)/48 + 6).
4
Let i(a) = -a**2 + 12*a + 15. Let y be i(20). Let d = y - -214. Calculate the remainder when d is divided by -14*2*3/(-6).
13
Let t = 9 - 5. Suppose y = -3*y + t. Calculate the remainder when (-6)/(-22) + (-2048)/(-2816) is divided by y.
0
Calculate the remainder when (3/2)/((-1)/(-22)) is divided by (-3*(-3)/(-4))/(80/(-320)).
6
Let r(k) be the third derivative of -k**6/120 + k**5/12 + k**4/4 - 17*k**3/6 - 20*k**2. Calculate the remainder when r(5) is divided by 5.
3
Let d = 20 - 19. Let z be d*-4*(4 - 5). Suppose -n + b = -16, 2*b = -z*n + 5*b + 59. What is the remainder when n is divided by 3?
2
Suppose -a + 12 = 2*a. Suppose g + 4*f - 23 = 0, -a*f + 17 = 4*g - 3*f. Suppose 99*y = -359*y + 1374. What is the remainder when g is divided by y?
0
Let u(c) = c**2 - 4*c - 10. Let o be u(6). Calculate the remainder when 18 is divided by ((-1)/o)/(2/(-28)).
4
Suppose -17 + 5 = 4*t - 4*j, t - 4*j = -3. Let n be (1/t)/(2/(-12)). Let l(m) = 3*m**3 + 4*m**2 - 3*m + 1. What is the remainder when l(n) is divided by 19?
16
Let b(y) = y**2 - 16*y - 15. What is the remainder when b(-6) is divided by 35?
12
Suppose 2*i + 72 = 8*i. Suppose i = 4*g - 4. Suppose -f - 86 = -3*m, m = g*f - f + 18. Calculate the remainder when m is divided by 11.
8
Let l(z) be the third derivative of -2*z**3 + 0*z - 1/12*z**4 + 5*z**2 + 0. Calculate the remainder when l(-11) is divided by 3.
1
Let w(b) = b**2 - 29*b - 105. What is the remainder when 281 is divided by w(-4)?
11
Let c(u) = 7*u**2 - 6*u + 4. What is the remainder when c(3) is divided by 10?
9
Let p(b) = 12*b**2 - 4*b + 2. Let d be p(1). Suppose 0 = 11*y - d*y - 15. What is the remainder when y is divided by (-1 + 3)/((-1)/(-4))?
7
Let j(k) be the first derivative of 0*k**2 - k + 2/3*k**3 + 2 + 15/4*k**4. What is the remainder when 46 is divided by j(1)?
14
Let a(j) = 3*j + 79. What is the remainder when a(-17) is divided by 17?
11
Suppose 0 = -z - 0*z + 25. Suppose 156*t - 38 = 153*t + x, -5*t = 2*x - 78. Calculate the remainder when z is divided by t.
11
Let h be 2/(-13) - (669/(-39) + 7). Suppose h*r - 5*r = 190. Calculate the remainder when 107 is divided by r.
31
Let a(s) = 24*s - 168. Let g = 5 + 137. Calculate the remainder when g is divided by a(9).
46
Let a(v) = v + 1. Suppose 177*w - 533 = 164*w. Calculate the remainder when w is divided by a(6).
6
Suppose -2*r = -3*u - r + 7, r - 14 = -4*u. Suppose -13 = -5*b - u*x + 164, -2*x + 106 = 3*b. Calculate the remainder when b is divided by 13.
10
Let r = 14 - 14. Suppose 4*m + 6 - 38 = r. What is the remainder when m is divided by (-14)/(-3) - (-1)/3?
3
Suppose -4*g + 20 = -60. Let k(l) = -3*l + 17. What is the remainder when k(-6) is divided by g?
15
Let u(n) = n - 4. Let i be u(7). Suppose 38 - 221 = i*x. Calculate the remainder when (x - (-4 + 2))/(-1) is divided by 15.
14
Suppose 4*l - 3*o + 7 = -2*o, 2*l = -o - 11. Let g be l + -1 - (2 + -3). What is the remainder when 21*1/(-2 - g) is divided by 11?
10
Let o(n) = -17*n + 14. Calculate the remainder when o(-7) is divided by 45.
43
Let v(y) = -6*y - 18*y + 0*y - 3. Let p(l) = -l**2 - 21*l - 24. Calculate the remainder when v(-3) is divided by p(-19).
13
Suppose 3*b + 51 = 288. Suppose 0 = -39*s + 28*s + 440. What is the remainder when b is divided by s?
39
Suppose -2 = a + g, -g - 2*g = 6. Suppose k + 4*k - 75 = a. Calculate the remainder when 29 is divided by k.
14
Suppose -25*c = -1260 - 165. Calculate the remainder when 112 is divided by c.
55
Suppose 4*i - 15 = -3*m + 51, -4*m + 63 = -3*i. What is the remainder when 31 is divided by m?
13
Let w(r) = r**3 + 13*r**2 + 4*r - 6. Let i be w(-12). Suppose -4*f + 9*f - i = 0. What is the remainder when 34 is divided by f?
16
Suppose 0 = -v + 3*i + 49, -7*v + 8*v - 46 = 4*i. Suppose y = 4*m - 169, -3*m - 5*y + 23 = -75. Let a = m - 26. Calculate the remainder when v is divided by a.
13
Let g(x) = x**2 - 13*x - 48. Let b be g(18). Let h = 71 - b. Calculate the remainder when h is divided by 3.
2
Let f(q) = 85*q**2 + 3*q - q**3 + 0*q - 19 - 75*q**2 + 3. What is the remainder when 69 is divided by f(10)?
13
Let s(d) = d**3 - d**2 - 4. Let a be s(0). Let i = a - -3. Let t = i + 10. Calculate the remainder when 25 is divided by t.
7
Let h = 248 - 229. Calculate the remainder when 105 is divided by h.
10
Suppose 15*v - 3*v - 312 = 0. Calculate the remainder when v is divided by 26.
0
Let s(y) = -y**2 - 13*y - 16. Let p be s(-11). Suppose -20 = -p*n + n. What is the remainder when (-3465)/(-84) + (-1)/n is divided by 14?
13
Suppose -2*d - 50 = -5*w + 2*d, -d - 5 = 0. Calculate the remainder when (6 + -1)*(w + 0) is divided by 16.
14
Suppose -960 = 10*i - 4*i. Let m = -134 - i. Calculate the remainder when 100 is divided by m.
22
Suppose w - 107 - 31 = 0. Suppose 2*s - s = -w. Calculate the remainder when 45 is divided by s/4*(-6)/9.
22
Suppose -s - 2*s + 6 = 0. Suppose 3*d = 4*w - 5, s*w = -1 + 5. What is the remainder when (49/21)/(d/3) is divided by 4?
3
Suppose -2*t + 3*g = -32, -54*g = -t - 53*g + 15. What is the remainder when 202 is divided by t?
7
Suppose -3*b - 2*b = 3*w - 420, 4*w - 101 = -b. Suppose 2*c + 38 = f, 0 = -2*f + 5*c - 0*c + 81. What is the remainder when b is divided by f?
25
Let a be -1 + (-4)/(4/(-41)). Let c be (45/(-25))/((-6)/a). Let b = 0 + c. Calculate the remainder when 46 is divided by b.
10
Let g = 27 - 25. Suppose -s = -3*d, -5*s + g*d + 39 = -0*d. Calculate the remainder when 42 is divided by s.
6
Suppose -9*h + 106 = -38. What is the remainder when 334 is divided by h?
14
Suppose -69*x + 72*x = y - 154, 2*y = -3*x + 308. Calculate the remainder when y is divided by 38.
2
Let i be -34 + 3 + -1 + -8. Suppose -3*a = u - 12, 3*a + 9 = 2*a + 4*u. What is the remainder when 3/(-4*3/i) is divided by a?
1
Let n = -4 + -4. What is the remainder when (18/1)/(n/(-20)) is divided by 23?
22
Suppose 5*a = t + 158, 15 = a + 2*t - 10. Suppose 14 + a = 3*o. What is the remainder when o is divided by 0 + (-85)/(-25) - 6/(-10)?
3
Let y = -12 - -6. Let q(c) = 9*c**2 + c + 1. What is the remainder when q(2) is divided by -15*(20/y + 1 + 1)?
19
Let v(k) = -k**3 + 13*k**2 - 11*k + 4. Let p = -51 - -85. Let u = -25 + p. What is the remainder when v(12) is divided by u?
7
Suppose 5*p - 7 = -w, 17*p = 3*w + 12*p - 1. Let l(x) = x**3 + 7*x**2 + 7*x + 4. Let v be l(-6). What is the remainder when 50 is divided by (v/4)/(w/(-52))?
11
What is the remainder when 104 is divided by 6/27 + (-2875)/(-225) - -6?
9
Suppose 0 = -4*o - 4*q + 216, 0 = -257*o + 259*o + 4*q - 116. What is the remainder when o is 